 g**2 + 4*g - 12. Let a be f(-6). Suppose a = 414*y - 411*y - 18. Calculate s(y).
3
Suppose 126 = -253*q + 262*q. Let p(j) = -j**2 + 6*j + 15. Give p(q).
-97
Suppose 0 = -3*l - 2 - 7. Let q(k) be the first derivative of -k**2/2 + 4*k + 633. Calculate q(l).
7
Let n(p) = -p**2 - 3*p + 36. Let g = -938 + 929. Give n(g).
-18
Let w be (4/(-3))/(2/6). Let m(x) be the third derivative of -x**5/60 - x**4/12 + 2*x**3/3 + 11*x**2 - x + 1. Give m(w).
-4
Let g(f) = -f**2 - 8*f - 2. Let s(m) = 48*m + 3. Let b be s(-1). Let k = b - -37. What is g(k)?
-2
Let y = 12538 - 12533. Let l(n) = -17*n + 90. Calculate l(y).
5
Let a be (-53)/(689/234) - -21. Let s(p) be the third derivative of -p**5/60 + p**4/4 + p**2. Calculate s(a).
9
Let z(i) = 23*i**2 - 6*i - 2. Let h(t) = -52*t**2 + 13*t + 4. Let l(q) = 4*h(q) + 9*z(q). Calculate l(-3).
-5
Let k(j) = -j**2 - 6. Let a(q) = 80*q + 480. Let t be a(-6). Give k(t).
-6
Let a(u) = u**3 + 6*u**2 + 4*u + 13. Let p(b) = -153*b - 1077. Let n be p(-7). Give a(n).
-11
Let x(m) = m - 4. Suppose 4*b - 9 = 15. Let k(l) = l**3 - 6*l**2 - 3*l + 9. Let o be k(b). Let i be (-2)/(33/o + 3). Determine x(i).
-1
Let k(o) = 13*o - 31. Let w(m) = -7*m + 16. Suppose v - 2*v - 11 = 0. Let i(y) = v*w(y) - 6*k(y). Let r(l) = -l. Let c be r(-6). Calculate i(c).
4
Let i = 1282 + -1281. Let q(n) = 49*n + 1. What is q(i)?
50
Let r(h) = -27*h + 43. Let n(p) = -43*p + 63. Let u(t) = 5*n(t) - 8*r(t). Calculate u(11).
-18
Let v(y) be the second derivative of -8*y + 1/3*y**3 + 3/2*y**2 + 0. Suppose 0 = 4*i - 3*g + 20, -2*i - 17*g + 14*g + 8 = 0. What is v(i)?
-1
Let o(l) be the first derivative of -4 - 1/3*l**3 + 4*l**2 - 7*l. Let d be (-10)/(-15)*(-42)/(-4). Calculate o(d).
0
Let n(q) be the second derivative of 2*q - 11/2*q**2 - 1/3*q**3 + 1/20*q**5 + 2/3*q**4 - 85. Calculate n(-8).
5
Let a(o) = -27 + 14 + 2*o**2 - 6*o**2 - o**3 + 2734*o - 2730*o. What is a(-6)?
35
Suppose -2*w = -5*v - 22 - 3, w = 3*v + 15. Let y(a) be the second derivative of -a**5/20 - 5*a**4/12 - 2*a**3/3 - 5*a**2/2 - 549*a. Determine y(v).
15
Let m(l) be the second derivative of 64*l + 1/6*l**4 + 0*l**2 - 1/6*l**3 + 0. What is m(2)?
6
Let a(k) be the third derivative of 2/3*k**3 + 0 - 6*k**2 + 1/24*k**4 + 0*k. Let y(q) = -2*q**2 - 53*q - 54. Let v be y(-1). Calculate a(v).
1
Let m be 6*((-4)/6 - 0). Let b(h) = -7*h**3 - 5*h**2 + 7*h + 209. Let p(f) = 27*f**3 + 20*f**2 - 26*f - 801. Let y(x) = 23*b(x) + 6*p(x). Give y(m).
-3
Let u(x) = 5*x + 1. Let k = -15 + 15. Let h(i) = -2*i**2 + i + 2. Let w be h(k). Let a be (-5)/(-25) - (w - (-8)/(-10)). Determine u(a).
-4
Let b(o) be the second derivative of -o**5/20 + o**4/3 + 5*o**3/6 - 2*o**2 - 2334*o. Calculate b(3).
20
Let g be 24/30 - 491/(-5). Suppose -8*s + 17*s = g. Let k(t) = -9 + 0*t - t - t**3 - 48*t**2 + s*t + 56*t**2. Determine k(9).
0
Let u be 9/1 + (-55 - (-102 - -54)). Let p(v) be the third derivative of v**5/60 - v**4/12 - v**2. Determine p(u).
0
Let g(u) = 0 - 243*u + 0 + 133*u + 8 + 111*u. Let v = -51 + 44. Give g(v).
1
Let l(c) = 6 + 6 - c - c. Let r = -88588 - -88596. What is l(r)?
-4
Let w(o) = -o**3 + 10*o**2 - 9*o - 11. Suppose -5*a + 3*a - c + 21 = 0, -4*a - 4*c = -48. Calculate w(a).
-11
Let k be 4/3*(-27)/(-6) + -3. Let a be 4 - 3 - k - -10. Suppose 2*t + 3*h - 2 = 7, -2*h = -t + a. Let x(r) = r - 13. What is x(t)?
-7
Let w(p) = -p**3 + p**2 + 4*p - 2. Suppose 0 = -d + g + 7 - 138, -d - 139 = 3*g. Let c = d + 136. Calculate w(c).
-8
Let z(t) = t**2 + 2*t + 2. Suppose -2*k + m = -4 + 13, 4*k + 27 = 5*m. Let r be z(k). Let i(d) = -6 + r - d + d + 5*d. Calculate i(1).
4
Let z(w) be the second derivative of -w**5/20 - 5*w**4/12 + 2*w**3/3 - 4336*w. Let i be (-3*1)/(-3)*3. Suppose -i*j - 30 = 2*j. What is z(j)?
12
Let v = -35 + 34. Suppose -6*n - 5 + 17 = 0. Let p(t) = -t**2 + 11*t**2 + t - 3*t**n - 5*t**2 + 4*t**3. Give p(v).
-3
Let t(n) be the second derivative of -n**3/6 + n**2 - n. Let o(f) = -f**2 - 26*f - 97. Let c be o(-4). Let d be (-1)/((72/(-48))/(c/2)). What is t(d)?
5
Let o(j) be the third derivative of 7/2*j**3 + 0 + 10*j**2 + 0*j + 7/24*j**4 + 1/60*j**5. Calculate o(-6).
15
Let f be 2/10 - (-18)/10. Suppose 15 = -p - f*p. Let b(x) = -5. Let t(l) = -2*l + 23. Let v(s) = 6*b(s) + t(s). Calculate v(p).
3
Let m(v) = 1 - 33*v + v**2 + 16*v + 19*v. Let i be -3 + 6/3 + 0. Calculate m(i).
0
Let n(p) = -3*p - 4*p**2 + 12*p**3 - 17*p**3 + 2*p**3 + 2 + 4*p**3. Suppose 0 = -8*u + 293 - 1109. Let z = 106 + u. Determine n(z).
-10
Let y(u) = 11 - 28*u + 14 + 16*u + 7*u + 37. Determine y(12).
2
Let l = 324 + -319. Let g(z) = -22*z - 7*z**3 + 0*z**3 - 20*z**2 + 6*z**3 + l*z**3 + 28 - 3*z**3. Determine g(21).
7
Let k(f) be the first derivative of -f**4/4 - 5*f**3/3 - f**2/2 + 2*f + 2. Suppose 89 = -66*j - 43. Determine k(j).
-8
Suppose -162 = -29*f + 11*f. Let y(g) = g**2 - 17*g + 82. Let t be y(f). Let z(h) = -h**3 + 9*h**2 + 8*h + 13. Calculate z(t).
-7
Let i(k) = -8*k - 12. Suppose 111 + 56 = -52*b + 11. Give i(b).
12
Suppose 5 = 3*j - 5*f, 2*j + 5*f = -2*j - 5. Let d be 12 - (j + -1 + 1). Let b(a) = 11*a + 0*a - d*a + 12*a**2. Give b(1).
11
Let p(w) = 6 + 3 - w**2 - 5 - 9 - 5*w. Let n(h) = h + 13. Suppose -61 = 2*d - 5*j, 13 = 3*j - 2. Let g be n(d). Give p(g).
-5
Let k(w) = w**3 + 5*w**2 - 3*w + 3. Suppose -5*z - 5*q + 4 = 24, -2 = -4*z + 5*q. Let d be (-741)/114 - 1/z. Calculate k(d).
-15
Suppose 128*c - 124*c + 48 = 3*v, 0 = 3*c - 5*v + 47. Let g(z) = 2*z - 1 - 3*z - 4. Determine g(c).
4
Suppose 7*b = 2*b - 5. Let y(g) be the first derivative of -11*g**3/3 - g**2/2 - 618. Calculate y(b).
-10
Let r(x) be the second derivative of 3/2*x**3 - 1/12*x**4 - 174*x - 3/2*x**2 + 0. Determine r(6).
15
Suppose 2 = -2*q - 6. Let x(b) be the second derivative of -b**5/20 - b**4/2 + 2*b**3/3 + 3*b**2 - 2*b + 585. Calculate x(q).
-42
Suppose -26 = -11*n + 9*n. Let t(c) = -2*c**2 + n*c**2 - 17 + 16*c - 7*c. Let w(j) = 4*j**2 + 3*j - 6. Let x(d) = 6*t(d) - 17*w(d). Calculate x(3).
-9
Let b(i) = i**2 - 8*i - 3. Suppose 349 = -5*w - 801. Let h = w + 237. Determine b(h).
-10
Let b(z) be the second derivative of -3 + 4/3*z**3 + 4*z**2 - 1/20*z**5 + 23*z - 7/12*z**4. Give b(-8).
8
Let o(z) = -z**2 - 52*z + 106. Let t be o(-54). Let m(c) = 3*c**3 + c - 3. Give m(t).
-29
Let g(s) = 4*s - 5. Let a be (-15 + 14)/(2/8) + -6. Let n = a - -7. What is g(n)?
-17
Let x(o) = o**2 + 2*o + 3. Let g be x(-2). Suppose 36*c - 33*c = -15. Let a(w) = w. Let v(b) = -b - 3. Let l(s) = c*a(s) - v(s). Give l(g).
-9
Let d(l) = 5 + 0*l**2 + l**2 + 4*l - 6. Suppose 4*u - 12 = 0, -2*u = 4*p - 4*u - 46. Suppose -3*q = -o - p, -q + 0*q = 2*o + 5. Determine d(o).
-1
Suppose 9*g - 57 = 6*g. Suppose -2*p = g - 13. Let y(v) = -3 + 12*v**3 - 3*v + 5*v**2 - 12*v**3 + v**3 + 4*v. What is y(p)?
12
Let v(d) = d**3 + 4*d**2 - 33*d - 104. Let n = 9729 + -9732. What is v(n)?
4
Suppose 3*x = -4*w + 188, -2*x = 2*x + 4*w - 248. Let j = -59 + x. Let a(d) = 9*d**3 + 1. Give a(j).
10
Let g(p) = 3*p**2 + 632 - 8*p**2 - 638 - 6*p + 4*p**2. Suppose -4*d - 2*y = -8 + 30, -2*d = -5*y - 7. Calculate g(d).
2
Let m(r) = -r**3. Let h(b) = -b**2 - b. Let o(d) = h(d) - m(d). Let a(s) = -2*s**3 - 5*s**2 + s. Suppose -4*z - 2 + 6 = 0. Let x(c) = z*o(c) + a(c). Give x(-6).
0
Let u(r) = -1. Let i(j) = -j - 4. Let t(v) = -i(v) + 6*u(v). Let k be t(4). Let d(m) = 4*m + 1 + k*m + m - m + m**2. Calculate d(-3).
-8
Let b be (-2)/((-1)/(-2) + -1). Suppose 0 = -59*m - 10*m + 138. Suppose 4*x + 24 = -m*u, x + b*u = 5*u - 3. Let v(h) = h**3 + 5*h**2 + 2*h - 1. What is v(x)?
-11
Let i(z) = -z - 1. Let s be i(4). Let r be 2 + -3 + (-6)/(-2). Let g(w) = 5*w**r - 9362*w - 4 + w**3 + 9361*w + 2. What is g(s)?
3
Let a(h) = h**3 + 10 + 15 - 89*h - 3 + 39*h + 19*h**2. What is a(-21)?
190
Let f(m) = -m + 17. Let p(b) = 7*b + 2252 - 2337 - 2*b. Let t = 6 + -4. Let o(c) = t*p(c) + 11*f(c). Calculate o(0).
17
Suppose 3*m = -2*f - 25, -f = m + 17 - 9. Let b(x) = -7*x - 4. Determine b(m).
59
Suppose 203 + 29 = 221*q + 1558. Let m(c) = -5*c**2 - 17*c + 12. Let f(o) = 11*o**2 + 35*o - 25. Let k(w) = -2*f(w) - 5*m(w). Give k(q).
8
Let m(u) = -95*u - 64. Let t(g) = 33*g + 22. Let j(i) = -6*m(i) - 17*t(i). Determine j(5).
55
Let v(b) = b**3 + 5*b**2 - 7. Suppose 5*a + 1 = 6*a + r, 0 = 3*r - 15. Let z(c) = c**3 + 6*c*